{"id":216,"date":"2021-12-20T09:59:32","date_gmt":"2021-12-20T08:59:32","guid":{"rendered":"https:\/\/ideopsy.fr\/?page_id=216"},"modified":"2023-01-20T08:35:25","modified_gmt":"2023-01-20T07:35:25","slug":"consultations-jeunes-consommateurs","status":"publish","type":"page","link":"https:\/\/ideopsy.fr\/index.php\/consultations-jeunes-consommateurs\/","title":{"rendered":"CONSULTATIONS JEUNES CONSOMMATEURS"},"content":{"rendered":"\n<div class=\"wp-block-image\"><figure class=\"aligncenter size-large is-resized\"><img loading=\"lazy\" decoding=\"async\" src=\"https:\/\/ideopsy.fr\/wp-content\/uploads\/2021\/12\/logos_cjc101-1024x724.jpg\" alt=\"\" class=\"wp-image-217\" width=\"420\" height=\"296\" srcset=\"https:\/\/ideopsy.fr\/wp-content\/uploads\/2021\/12\/logos_cjc101-1024x724.jpg 1024w, https:\/\/ideopsy.fr\/wp-content\/uploads\/2021\/12\/logos_cjc101-300x212.jpg 300w, https:\/\/ideopsy.fr\/wp-content\/uploads\/2021\/12\/logos_cjc101-768x543.jpg 768w, https:\/\/ideopsy.fr\/wp-content\/uploads\/2021\/12\/logos_cjc101-1536x1086.jpg 1536w, https:\/\/ideopsy.fr\/wp-content\/uploads\/2021\/12\/logos_cjc101-2048x1448.jpg 2048w\" sizes=\"auto, (max-width: 420px) 100vw, 420px\" \/><\/figure><\/div>\n\n\n\n<p class=\"has-text-align-center has-text-color\" style=\"color:#228051\"><strong>#12\/25ans #Drogues #Information #R\u00e9ductiondesRisques #Consommation #Addiction #Soutien #Ecoute #Alcool #Cannabis<\/strong><\/p>\n\n\n\n<p class=\"has-text-align-center\"><strong>Qu&rsquo;est-ce que la CJC ?<\/strong><\/p>\n\n\n\n<p class=\"has-text-align-center\">C\u2019est un lieu d\u2019\u00e9coute, d\u2019information et de soutien, o\u00f9 peuvent \u00eatre discut\u00e9es sans apriori les exp\u00e9riences de chacun. Elle est destin\u00e9e aux jeunes et aux familles faisant face \u00e0 une conduite addictive (alcool, cannabis, ecstasy, coca\u00efne, nouveaux produits de synth\u00e8se, jeux vid\u00e9os, tabac\u2026). Le principe est d\u2019\u00e9viter que la consommation ne devienne probl\u00e9matique et source de souffrance. Ces consultations sont anonymes et gratuites. Aucun document ne vous sera<br>demand\u00e9 et aucune information ne sera transmise \u00e0 vos proches sans votre accord.<\/p>\n\n\n\n<p class=\"has-text-align-center\"><strong>Les professionnels de la CJC sont l\u00e0:<\/strong><\/p>\n\n\n\n<p class=\"has-text-align-center\">Pour faire le point avec vous sur votre consommation et \/ou comportement addictif et plus largement pour \u00e9voquer votre situation dans sa globalit\u00e9.<\/p>\n\n\n\n<p class=\"has-text-align-center\">Pour vous accompagner ou vous orienter selon vos besoins.<\/p>\n\n\n\n<p class=\"has-text-align-center\">Pour vous \u00e9couter, r\u00e9pondre \u00e0 vos questions.<\/p>\n\n\n\n<p class=\"has-text-align-center\">Pour vous apporter des informations pr\u00e9cises sur les produits et les addictions. <\/p>\n\n\n\n<p class=\"has-text-align-center\"><strong>Venir seul(e) ou accompagn\u00e9(e) ? C&rsquo;est comme vous voulez !<\/strong><\/p>\n\n\n\n<p class=\"has-text-align-center\"><strong>Vous pouvez prendre rendez-vous<\/strong> <strong>sur les horaires d\u2019ouverture des centres<\/strong>.<\/p>\n\n\n\n<figure class=\"wp-block-image size-large is-resized\"><img loading=\"lazy\" decoding=\"async\" src=\"https:\/\/ideopsy.fr\/wp-content\/uploads\/2023\/01\/Diapositive1-13-1024x576.jpg\" alt=\"\" class=\"wp-image-877\" width=\"705\" height=\"396\" srcset=\"https:\/\/ideopsy.fr\/wp-content\/uploads\/2023\/01\/Diapositive1-13-1024x576.jpg 1024w, https:\/\/ideopsy.fr\/wp-content\/uploads\/2023\/01\/Diapositive1-13-300x169.jpg 300w, https:\/\/ideopsy.fr\/wp-content\/uploads\/2023\/01\/Diapositive1-13-768x432.jpg 768w, https:\/\/ideopsy.fr\/wp-content\/uploads\/2023\/01\/Diapositive1-13.jpg 1280w\" sizes=\"auto, (max-width: 705px) 100vw, 705px\" \/><\/figure>\n\n\n\n<figure class=\"wp-block-image size-large is-resized\"><img loading=\"lazy\" decoding=\"async\" src=\"https:\/\/ideopsy.fr\/wp-content\/uploads\/2023\/01\/Diapositive2-13-1024x576.jpg\" alt=\"\" class=\"wp-image-878\" width=\"723\" height=\"406\" srcset=\"https:\/\/ideopsy.fr\/wp-content\/uploads\/2023\/01\/Diapositive2-13-1024x576.jpg 1024w, https:\/\/ideopsy.fr\/wp-content\/uploads\/2023\/01\/Diapositive2-13-300x169.jpg 300w, https:\/\/ideopsy.fr\/wp-content\/uploads\/2023\/01\/Diapositive2-13-768x432.jpg 768w, https:\/\/ideopsy.fr\/wp-content\/uploads\/2023\/01\/Diapositive2-13.jpg 1280w\" sizes=\"auto, (max-width: 723px) 100vw, 723px\" \/><\/figure>\n\n\n\n<figure class=\"wp-block-image size-large is-resized\"><img loading=\"lazy\" decoding=\"async\" src=\"https:\/\/ideopsy.fr\/wp-content\/uploads\/2023\/01\/Diapositive3-9-1024x576.jpg\" alt=\"\" class=\"wp-image-879\" width=\"739\" height=\"415\" srcset=\"https:\/\/ideopsy.fr\/wp-content\/uploads\/2023\/01\/Diapositive3-9-1024x576.jpg 1024w, https:\/\/ideopsy.fr\/wp-content\/uploads\/2023\/01\/Diapositive3-9-300x169.jpg 300w, https:\/\/ideopsy.fr\/wp-content\/uploads\/2023\/01\/Diapositive3-9-768x432.jpg 768w, https:\/\/ideopsy.fr\/wp-content\/uploads\/2023\/01\/Diapositive3-9.jpg 1280w\" sizes=\"auto, (max-width: 739px) 100vw, 739px\" \/><\/figure>\n\n\n\n<figure class=\"wp-block-image size-large is-resized\"><img loading=\"lazy\" decoding=\"async\" src=\"https:\/\/ideopsy.fr\/wp-content\/uploads\/2022\/09\/coordonnees-CJC_page-0001-1024x403.jpg\" alt=\"\" class=\"wp-image-639\" width=\"1084\" height=\"426\" srcset=\"https:\/\/ideopsy.fr\/wp-content\/uploads\/2022\/09\/coordonnees-CJC_page-0001-1024x403.jpg 1024w, https:\/\/ideopsy.fr\/wp-content\/uploads\/2022\/09\/coordonnees-CJC_page-0001-300x118.jpg 300w, https:\/\/ideopsy.fr\/wp-content\/uploads\/2022\/09\/coordonnees-CJC_page-0001-768x302.jpg 768w, https:\/\/ideopsy.fr\/wp-content\/uploads\/2022\/09\/coordonnees-CJC_page-0001-1536x604.jpg 1536w, https:\/\/ideopsy.fr\/wp-content\/uploads\/2022\/09\/coordonnees-CJC_page-0001.jpg 1681w\" sizes=\"auto, (max-width: 1084px) 100vw, 1084px\" \/><\/figure>\n","protected":false},"excerpt":{"rendered":"<p>#12\/25ans #Drogues #Information #R\u00e9ductiondesRisques #Consommation #Addiction #Soutien #Ecoute #Alcool #Cannabis Qu&rsquo;est-ce que la CJC ? C\u2019est un lieu d\u2019\u00e9coute, d\u2019information et de soutien, o\u00f9 peuvent \u00eatre discut\u00e9es sans apriori les exp\u00e9riences de chacun. Elle est destin\u00e9e aux jeunes et aux familles faisant face \u00e0 une conduite addictive (alcool, cannabis, ecstasy, [&hellip;]<\/p>\n","protected":false},"author":1,"featured_media":0,"parent":0,"menu_order":0,"comment_status":"closed","ping_status":"closed","template":"","meta":{"_monsterinsights_skip_tracking":false,"_monsterinsights_sitenote_active":false,"_monsterinsights_sitenote_note":"","_monsterinsights_sitenote_category":0,"_uf_show_specific_survey":0,"_uf_disable_surveys":false,"_themeisle_gutenberg_block_has_review":false,"footnotes":""},"class_list":["post-216","page","type-page","status-publish","hentry"],"yoast_head":"<!-- This site is optimized with the Yoast SEO plugin v24.7 - https:\/\/yoast.com\/wordpress\/plugins\/seo\/ -->\n<title>CONSULTATIONS JEUNES CONSOMMATEURS - IDEO<\/title>\n<meta name=\"robots\" content=\"index, follow, max-snippet:-1, max-image-preview:large, max-video-preview:-1\" \/>\n<link rel=\"canonical\" href=\"https:\/\/ideopsy.fr\/index.php\/consultations-jeunes-consommateurs\/\" \/>\n<meta property=\"og:locale\" content=\"fr_FR\" \/>\n<meta property=\"og:type\" content=\"article\" \/>\n<meta property=\"og:title\" content=\"CONSULTATIONS JEUNES CONSOMMATEURS - IDEO\" \/>\n<meta property=\"og:description\" content=\"#12\/25ans #Drogues #Information #R\u00e9ductiondesRisques #Consommation #Addiction #Soutien #Ecoute #Alcool #Cannabis Qu&rsquo;est-ce que la CJC ? C\u2019est un lieu d\u2019\u00e9coute, d\u2019information et de soutien, o\u00f9 peuvent \u00eatre discut\u00e9es sans apriori les exp\u00e9riences de chacun. Elle est destin\u00e9e aux jeunes et aux familles faisant face \u00e0 une conduite addictive (alcool, cannabis, ecstasy, [&hellip;]\" \/>\n<meta property=\"og:url\" content=\"https:\/\/ideopsy.fr\/index.php\/consultations-jeunes-consommateurs\/\" \/>\n<meta property=\"og:site_name\" content=\"IDEO\" \/>\n<meta property=\"article:modified_time\" content=\"2023-01-20T07:35:25+00:00\" \/>\n<meta property=\"og:image\" content=\"https:\/\/ideopsy.fr\/wp-content\/uploads\/2021\/12\/logos_cjc101-1024x724.jpg\" \/>\n<meta name=\"twitter:card\" content=\"summary_large_image\" \/>\n<meta name=\"twitter:label1\" content=\"Dur\u00e9e de lecture estim\u00e9e\" \/>\n\t<meta name=\"twitter:data1\" content=\"2 minutes\" \/>\n<script type=\"application\/ld+json\" class=\"yoast-schema-graph\">{\"@context\":\"https:\/\/schema.org\",\"@graph\":[{\"@type\":\"WebPage\",\"@id\":\"https:\/\/ideopsy.fr\/index.php\/consultations-jeunes-consommateurs\/\",\"url\":\"https:\/\/ideopsy.fr\/index.php\/consultations-jeunes-consommateurs\/\",\"name\":\"CONSULTATIONS JEUNES CONSOMMATEURS - IDEO\",\"isPartOf\":{\"@id\":\"https:\/\/ideopsy.fr\/#website\"},\"primaryImageOfPage\":{\"@id\":\"https:\/\/ideopsy.fr\/index.php\/consultations-jeunes-consommateurs\/#primaryimage\"},\"image\":{\"@id\":\"https:\/\/ideopsy.fr\/index.php\/consultations-jeunes-consommateurs\/#primaryimage\"},\"thumbnailUrl\":\"https:\/\/ideopsy.fr\/wp-content\/uploads\/2021\/12\/logos_cjc101-1024x724.jpg\",\"datePublished\":\"2021-12-20T08:59:32+00:00\",\"dateModified\":\"2023-01-20T07:35:25+00:00\",\"breadcrumb\":{\"@id\":\"https:\/\/ideopsy.fr\/index.php\/consultations-jeunes-consommateurs\/#breadcrumb\"},\"inLanguage\":\"fr-FR\",\"potentialAction\":[{\"@type\":\"ReadAction\",\"target\":[\"https:\/\/ideopsy.fr\/index.php\/consultations-jeunes-consommateurs\/\"]}]},{\"@type\":\"ImageObject\",\"inLanguage\":\"fr-FR\",\"@id\":\"https:\/\/ideopsy.fr\/index.php\/consultations-jeunes-consommateurs\/#primaryimage\",\"url\":\"https:\/\/ideopsy.fr\/wp-content\/uploads\/2021\/12\/logos_cjc101-1024x724.jpg\",\"contentUrl\":\"https:\/\/ideopsy.fr\/wp-content\/uploads\/2021\/12\/logos_cjc101-1024x724.jpg\"},{\"@type\":\"BreadcrumbList\",\"@id\":\"https:\/\/ideopsy.fr\/index.php\/consultations-jeunes-consommateurs\/#breadcrumb\",\"itemListElement\":[{\"@type\":\"ListItem\",\"position\":1,\"name\":\"Accueil\",\"item\":\"https:\/\/ideopsy.fr\/\"},{\"@type\":\"ListItem\",\"position\":2,\"name\":\"CONSULTATIONS JEUNES CONSOMMATEURS\"}]},{\"@type\":\"WebSite\",\"@id\":\"https:\/\/ideopsy.fr\/#website\",\"url\":\"https:\/\/ideopsy.fr\/\",\"name\":\"IDEO\",\"description\":\"sante mentale des jeunes adolescents\",\"publisher\":{\"@id\":\"https:\/\/ideopsy.fr\/#organization\"},\"potentialAction\":[{\"@type\":\"SearchAction\",\"target\":{\"@type\":\"EntryPoint\",\"urlTemplate\":\"https:\/\/ideopsy.fr\/?s={search_term_string}\"},\"query-input\":{\"@type\":\"PropertyValueSpecification\",\"valueRequired\":true,\"valueName\":\"search_term_string\"}}],\"inLanguage\":\"fr-FR\"},{\"@type\":\"Organization\",\"@id\":\"https:\/\/ideopsy.fr\/#organization\",\"name\":\"IDEO\",\"url\":\"https:\/\/ideopsy.fr\/\",\"logo\":{\"@type\":\"ImageObject\",\"inLanguage\":\"fr-FR\",\"@id\":\"https:\/\/ideopsy.fr\/#\/schema\/logo\/image\/\",\"url\":\"http:\/\/ideopsy.fr\/wp-content\/uploads\/2021\/12\/cropped-page-accueil-25-100-Logo-IDEO-officiel.jpg\",\"contentUrl\":\"http:\/\/ideopsy.fr\/wp-content\/uploads\/2021\/12\/cropped-page-accueil-25-100-Logo-IDEO-officiel.jpg\",\"width\":307,\"height\":177,\"caption\":\"IDEO\"},\"image\":{\"@id\":\"https:\/\/ideopsy.fr\/#\/schema\/logo\/image\/\"}}]}<\/script>\n<!-- \/ Yoast SEO plugin. -->","yoast_head_json":{"title":"CONSULTATIONS JEUNES CONSOMMATEURS - IDEO","robots":{"index":"index","follow":"follow","max-snippet":"max-snippet:-1","max-image-preview":"max-image-preview:large","max-video-preview":"max-video-preview:-1"},"canonical":"https:\/\/ideopsy.fr\/index.php\/consultations-jeunes-consommateurs\/","og_locale":"fr_FR","og_type":"article","og_title":"CONSULTATIONS JEUNES CONSOMMATEURS - IDEO","og_description":"#12\/25ans #Drogues #Information #R\u00e9ductiondesRisques #Consommation #Addiction #Soutien #Ecoute #Alcool #Cannabis Qu&rsquo;est-ce que la CJC ? C\u2019est un lieu d\u2019\u00e9coute, d\u2019information et de soutien, o\u00f9 peuvent \u00eatre discut\u00e9es sans apriori les exp\u00e9riences de chacun. Elle est destin\u00e9e aux jeunes et aux familles faisant face \u00e0 une conduite addictive (alcool, cannabis, ecstasy, [&hellip;]","og_url":"https:\/\/ideopsy.fr\/index.php\/consultations-jeunes-consommateurs\/","og_site_name":"IDEO","article_modified_time":"2023-01-20T07:35:25+00:00","og_image":[{"url":"https:\/\/ideopsy.fr\/wp-content\/uploads\/2021\/12\/logos_cjc101-1024x724.jpg","type":"","width":"","height":""}],"twitter_card":"summary_large_image","twitter_misc":{"Dur\u00e9e de lecture estim\u00e9e":"2 minutes"},"schema":{"@context":"https:\/\/schema.org","@graph":[{"@type":"WebPage","@id":"https:\/\/ideopsy.fr\/index.php\/consultations-jeunes-consommateurs\/","url":"https:\/\/ideopsy.fr\/index.php\/consultations-jeunes-consommateurs\/","name":"CONSULTATIONS JEUNES CONSOMMATEURS - IDEO","isPartOf":{"@id":"https:\/\/ideopsy.fr\/#website"},"primaryImageOfPage":{"@id":"https:\/\/ideopsy.fr\/index.php\/consultations-jeunes-consommateurs\/#primaryimage"},"image":{"@id":"https:\/\/ideopsy.fr\/index.php\/consultations-jeunes-consommateurs\/#primaryimage"},"thumbnailUrl":"https:\/\/ideopsy.fr\/wp-content\/uploads\/2021\/12\/logos_cjc101-1024x724.jpg","datePublished":"2021-12-20T08:59:32+00:00","dateModified":"2023-01-20T07:35:25+00:00","breadcrumb":{"@id":"https:\/\/ideopsy.fr\/index.php\/consultations-jeunes-consommateurs\/#breadcrumb"},"inLanguage":"fr-FR","potentialAction":[{"@type":"ReadAction","target":["https:\/\/ideopsy.fr\/index.php\/consultations-jeunes-consommateurs\/"]}]},{"@type":"ImageObject","inLanguage":"fr-FR","@id":"https:\/\/ideopsy.fr\/index.php\/consultations-jeunes-consommateurs\/#primaryimage","url":"https:\/\/ideopsy.fr\/wp-content\/uploads\/2021\/12\/logos_cjc101-1024x724.jpg","contentUrl":"https:\/\/ideopsy.fr\/wp-content\/uploads\/2021\/12\/logos_cjc101-1024x724.jpg"},{"@type":"BreadcrumbList","@id":"https:\/\/ideopsy.fr\/index.php\/consultations-jeunes-consommateurs\/#breadcrumb","itemListElement":[{"@type":"ListItem","position":1,"name":"Accueil","item":"https:\/\/ideopsy.fr\/"},{"@type":"ListItem","position":2,"name":"CONSULTATIONS JEUNES CONSOMMATEURS"}]},{"@type":"WebSite","@id":"https:\/\/ideopsy.fr\/#website","url":"https:\/\/ideopsy.fr\/","name":"IDEO","description":"sante mentale des jeunes adolescents","publisher":{"@id":"https:\/\/ideopsy.fr\/#organization"},"potentialAction":[{"@type":"SearchAction","target":{"@type":"EntryPoint","urlTemplate":"https:\/\/ideopsy.fr\/?s={search_term_string}"},"query-input":{"@type":"PropertyValueSpecification","valueRequired":true,"valueName":"search_term_string"}}],"inLanguage":"fr-FR"},{"@type":"Organization","@id":"https:\/\/ideopsy.fr\/#organization","name":"IDEO","url":"https:\/\/ideopsy.fr\/","logo":{"@type":"ImageObject","inLanguage":"fr-FR","@id":"https:\/\/ideopsy.fr\/#\/schema\/logo\/image\/","url":"http:\/\/ideopsy.fr\/wp-content\/uploads\/2021\/12\/cropped-page-accueil-25-100-Logo-IDEO-officiel.jpg","contentUrl":"http:\/\/ideopsy.fr\/wp-content\/uploads\/2021\/12\/cropped-page-accueil-25-100-Logo-IDEO-officiel.jpg","width":307,"height":177,"caption":"IDEO"},"image":{"@id":"https:\/\/ideopsy.fr\/#\/schema\/logo\/image\/"}}]}},"_links":{"self":[{"href":"https:\/\/ideopsy.fr\/index.php\/wp-json\/wp\/v2\/pages\/216","targetHints":{"allow":["GET"]}}],"collection":[{"href":"https:\/\/ideopsy.fr\/index.php\/wp-json\/wp\/v2\/pages"}],"about":[{"href":"https:\/\/ideopsy.fr\/index.php\/wp-json\/wp\/v2\/types\/page"}],"author":[{"embeddable":true,"href":"https:\/\/ideopsy.fr\/index.php\/wp-json\/wp\/v2\/users\/1"}],"replies":[{"embeddable":true,"href":"https:\/\/ideopsy.fr\/index.php\/wp-json\/wp\/v2\/comments?post=216"}],"version-history":[{"count":5,"href":"https:\/\/ideopsy.fr\/index.php\/wp-json\/wp\/v2\/pages\/216\/revisions"}],"predecessor-version":[{"id":880,"href":"https:\/\/ideopsy.fr\/index.php\/wp-json\/wp\/v2\/pages\/216\/revisions\/880"}],"wp:attachment":[{"href":"https:\/\/ideopsy.fr\/index.php\/wp-json\/wp\/v2\/media?parent=216"}],"curies":[{"name":"wp","href":"https:\/\/api.w.org\/{rel}","templated":true}]}}