{"id":3576,"date":"2024-08-09T19:58:01","date_gmt":"2024-08-09T17:58:01","guid":{"rendered":"https:\/\/ideopsy.fr\/?page_id=3576"},"modified":"2025-09-12T14:01:16","modified_gmt":"2025-09-12T12:01:16","slug":"peut-on-evaluer-letat-de-notre-sante-mentale-2","status":"publish","type":"page","link":"https:\/\/ideopsy.fr\/index.php\/peut-on-evaluer-letat-de-notre-sante-mentale-2\/","title":{"rendered":"PEUT-ON EVALUER L&rsquo;ETAT DE NOTRE SANTE MENTALE ?"},"content":{"rendered":"\n<figure class=\"wp-block-image size-large\"><img loading=\"lazy\" decoding=\"async\" width=\"1024\" height=\"213\" src=\"https:\/\/ideopsy.fr\/wp-content\/uploads\/2024\/08\/Banniere-page-PEUT-ON-EVALUER-LETAT-DE-NOTRE-SANTE-MENTALE-1024x213.png\" alt=\"\" class=\"wp-image-3579\" srcset=\"https:\/\/ideopsy.fr\/wp-content\/uploads\/2024\/08\/Banniere-page-PEUT-ON-EVALUER-LETAT-DE-NOTRE-SANTE-MENTALE-1024x213.png 1024w, https:\/\/ideopsy.fr\/wp-content\/uploads\/2024\/08\/Banniere-page-PEUT-ON-EVALUER-LETAT-DE-NOTRE-SANTE-MENTALE-300x63.png 300w, https:\/\/ideopsy.fr\/wp-content\/uploads\/2024\/08\/Banniere-page-PEUT-ON-EVALUER-LETAT-DE-NOTRE-SANTE-MENTALE-768x160.png 768w, https:\/\/ideopsy.fr\/wp-content\/uploads\/2024\/08\/Banniere-page-PEUT-ON-EVALUER-LETAT-DE-NOTRE-SANTE-MENTALE-1536x320.png 1536w, https:\/\/ideopsy.fr\/wp-content\/uploads\/2024\/08\/Banniere-page-PEUT-ON-EVALUER-LETAT-DE-NOTRE-SANTE-MENTALE-2048x427.png 2048w\" sizes=\"auto, (max-width: 1024px) 100vw, 1024px\" \/><\/figure>\n\n\n\n<h2 class=\"wp-block-heading\"><\/h2>\n\n\n\n<p class=\"has-text-align-center\"><strong>Seul un m\u00e9decin peut poser un diagnostic de maladie mentale. Toutefois, il est possible, et utile, de savoir rep\u00e9rer soi-m\u00eame les signes d\u2019alerte pouvant exprimer une souffrance psychique (un mal-\u00eatre).<\/strong><\/p>\n\n\n\n<p class=\"has-text-align-center\">Nous vous proposons un outil simple et rapide que vous pouvez utiliser \u00e0 tout moment. Dans un premier temps, pour \u00e9valuer l\u2019\u00e9tat de votre sant\u00e9 mentale, vous pouvez utiliser le syst\u00e8me de balises du \u201cCosmos mentale\u201d que nous vous pr\u00e9sentons sous forme de trois familles d\u2019indicateurs.<\/p>\n\n\n<div class=\"wp-block-image\">\n<figure class=\"aligncenter size-large\"><img loading=\"lazy\" decoding=\"async\" width=\"1024\" height=\"456\" src=\"https:\/\/ideopsy.fr\/wp-content\/uploads\/2024\/08\/Les-3-indicateurs-GROS-1024x456.png\" alt=\"\" class=\"wp-image-3589\" srcset=\"https:\/\/ideopsy.fr\/wp-content\/uploads\/2024\/08\/Les-3-indicateurs-GROS-1024x456.png 1024w, https:\/\/ideopsy.fr\/wp-content\/uploads\/2024\/08\/Les-3-indicateurs-GROS-300x134.png 300w, https:\/\/ideopsy.fr\/wp-content\/uploads\/2024\/08\/Les-3-indicateurs-GROS-768x342.png 768w, https:\/\/ideopsy.fr\/wp-content\/uploads\/2024\/08\/Les-3-indicateurs-GROS-1536x685.png 1536w, https:\/\/ideopsy.fr\/wp-content\/uploads\/2024\/08\/Les-3-indicateurs-GROS-2048x913.png 2048w\" sizes=\"auto, (max-width: 1024px) 100vw, 1024px\" \/><\/figure>\n<\/div>\n\n\n<figure class=\"wp-block-image size-large is-resized\"><img loading=\"lazy\" decoding=\"async\" width=\"1024\" height=\"800\" src=\"http:\/\/ideopsy.fr\/wp-content\/uploads\/2024\/08\/9-1024x800.png\" alt=\"\" class=\"wp-image-3502\" style=\"width:109px;height:auto\" srcset=\"https:\/\/ideopsy.fr\/wp-content\/uploads\/2024\/08\/9-1024x800.png 1024w, https:\/\/ideopsy.fr\/wp-content\/uploads\/2024\/08\/9-300x234.png 300w, https:\/\/ideopsy.fr\/wp-content\/uploads\/2024\/08\/9-768x600.png 768w, https:\/\/ideopsy.fr\/wp-content\/uploads\/2024\/08\/9-1536x1200.png 1536w, https:\/\/ideopsy.fr\/wp-content\/uploads\/2024\/08\/9-2048x1600.png 2048w\" sizes=\"auto, (max-width: 1024px) 100vw, 1024px\" \/><\/figure>\n\n\n\n<p class=\"has-text-align-center\">Dans un second temps, il est n\u00e9cessaire d\u2019\u00e9valuer le niveau d\u2019intensit\u00e9 de ces indicateurs. Vous pouvez utiliser un syst\u00e8me de couleur&nbsp;pour repr\u00e9senter <strong><em>l\u2019impact sur vos habitudes<\/em><\/strong>:<\/p>\n\n\n\n<figure class=\"wp-block-image size-large\"><img loading=\"lazy\" decoding=\"async\" width=\"1024\" height=\"576\" src=\"https:\/\/ideopsy.fr\/wp-content\/uploads\/2024\/08\/Impact-sur-vos-habitudes-1024x576.png\" alt=\"\" class=\"wp-image-3583\" srcset=\"https:\/\/ideopsy.fr\/wp-content\/uploads\/2024\/08\/Impact-sur-vos-habitudes-1024x576.png 1024w, https:\/\/ideopsy.fr\/wp-content\/uploads\/2024\/08\/Impact-sur-vos-habitudes-300x169.png 300w, https:\/\/ideopsy.fr\/wp-content\/uploads\/2024\/08\/Impact-sur-vos-habitudes-768x432.png 768w, https:\/\/ideopsy.fr\/wp-content\/uploads\/2024\/08\/Impact-sur-vos-habitudes-1536x864.png 1536w, https:\/\/ideopsy.fr\/wp-content\/uploads\/2024\/08\/Impact-sur-vos-habitudes-2048x1152.png 2048w\" sizes=\"auto, (max-width: 1024px) 100vw, 1024px\" \/><\/figure>\n\n\n\n<figure class=\"wp-block-image size-large is-resized\"><img loading=\"lazy\" decoding=\"async\" width=\"1024\" height=\"800\" src=\"http:\/\/ideopsy.fr\/wp-content\/uploads\/2024\/08\/9-1024x800.png\" alt=\"\" class=\"wp-image-3502\" style=\"width:109px;height:auto\" srcset=\"https:\/\/ideopsy.fr\/wp-content\/uploads\/2024\/08\/9-1024x800.png 1024w, https:\/\/ideopsy.fr\/wp-content\/uploads\/2024\/08\/9-300x234.png 300w, https:\/\/ideopsy.fr\/wp-content\/uploads\/2024\/08\/9-768x600.png 768w, https:\/\/ideopsy.fr\/wp-content\/uploads\/2024\/08\/9-1536x1200.png 1536w, https:\/\/ideopsy.fr\/wp-content\/uploads\/2024\/08\/9-2048x1600.png 2048w\" sizes=\"auto, (max-width: 1024px) 100vw, 1024px\" \/><\/figure>\n\n\n\n<p class=\"has-text-align-center\">Il est important de prendre en consid\u00e9ration <em><strong>la dur\u00e9e des signes d&rsquo;alertes<\/strong><\/em>. En effet, une \u00e9motion ou une sensation physique passag\u00e8re (qui dure tr\u00e8s peu de temps) ne va pas impacter notre sant\u00e9 mentale. En revanche, si elle(s) dure(nt) dans le temps, notre sant\u00e9 mentale sera perturb\u00e9e.<\/p>\n\n\n<div class=\"wp-block-image\">\n<figure class=\"aligncenter size-full\"><img loading=\"lazy\" decoding=\"async\" width=\"2560\" height=\"1440\" src=\"https:\/\/ideopsy.fr\/wp-content\/uploads\/2025\/09\/EMOTIONS-SMILEY-INDICATEURS-2025-2026-scaled.png\" alt=\"\" class=\"wp-image-4634\" srcset=\"https:\/\/ideopsy.fr\/wp-content\/uploads\/2025\/09\/EMOTIONS-SMILEY-INDICATEURS-2025-2026-scaled.png 2560w, https:\/\/ideopsy.fr\/wp-content\/uploads\/2025\/09\/EMOTIONS-SMILEY-INDICATEURS-2025-2026-300x169.png 300w, https:\/\/ideopsy.fr\/wp-content\/uploads\/2025\/09\/EMOTIONS-SMILEY-INDICATEURS-2025-2026-1024x576.png 1024w, https:\/\/ideopsy.fr\/wp-content\/uploads\/2025\/09\/EMOTIONS-SMILEY-INDICATEURS-2025-2026-768x432.png 768w, https:\/\/ideopsy.fr\/wp-content\/uploads\/2025\/09\/EMOTIONS-SMILEY-INDICATEURS-2025-2026-1536x864.png 1536w, https:\/\/ideopsy.fr\/wp-content\/uploads\/2025\/09\/EMOTIONS-SMILEY-INDICATEURS-2025-2026-2048x1152.png 2048w\" sizes=\"auto, (max-width: 2560px) 100vw, 2560px\" \/><\/figure>\n<\/div>\n\n\n<h2 class=\"wp-block-heading\"><\/h2>\n\n\n\n<p class=\"has-text-align-center\"><strong>Si vous vous trouvez sur un smiley :<\/strong><\/p>\n\n\n<div class=\"wp-block-image\">\n<figure class=\"aligncenter size-large\"><img loading=\"lazy\" decoding=\"async\" width=\"1024\" height=\"344\" src=\"https:\/\/ideopsy.fr\/wp-content\/uploads\/2024\/08\/signification-des-smileys-1024x344.png\" alt=\"\" class=\"wp-image-3600\" srcset=\"https:\/\/ideopsy.fr\/wp-content\/uploads\/2024\/08\/signification-des-smileys-1024x344.png 1024w, https:\/\/ideopsy.fr\/wp-content\/uploads\/2024\/08\/signification-des-smileys-300x101.png 300w, https:\/\/ideopsy.fr\/wp-content\/uploads\/2024\/08\/signification-des-smileys-768x258.png 768w, https:\/\/ideopsy.fr\/wp-content\/uploads\/2024\/08\/signification-des-smileys-1536x517.png 1536w, https:\/\/ideopsy.fr\/wp-content\/uploads\/2024\/08\/signification-des-smileys-2048x689.png 2048w\" sizes=\"auto, (max-width: 1024px) 100vw, 1024px\" \/><\/figure>\n<\/div>\n\n\n<h2 class=\"wp-block-heading\"><\/h2>\n","protected":false},"excerpt":{"rendered":"<p>Seul un m\u00e9decin peut poser un diagnostic de maladie mentale. Toutefois, il est possible, et utile, de savoir rep\u00e9rer soi-m\u00eame les signes d\u2019alerte pouvant exprimer une souffrance psychique (un mal-\u00eatre). Nous vous proposons un outil simple et rapide que vous pouvez utiliser \u00e0 tout moment. Dans un premier temps, pour [&hellip;]<\/p>\n","protected":false},"author":1,"featured_media":0,"parent":0,"menu_order":0,"comment_status":"closed","ping_status":"closed","template":"","meta":{"_monsterinsights_skip_tracking":false,"_monsterinsights_sitenote_active":false,"_monsterinsights_sitenote_note":"","_monsterinsights_sitenote_category":0,"_uf_show_specific_survey":0,"_uf_disable_surveys":false,"_themeisle_gutenberg_block_has_review":false,"footnotes":""},"class_list":["post-3576","page","type-page","status-publish","hentry"],"yoast_head":"<!-- This site is optimized with the Yoast SEO plugin v24.7 - https:\/\/yoast.com\/wordpress\/plugins\/seo\/ -->\n<title>PEUT-ON EVALUER L&#039;ETAT DE NOTRE SANTE MENTALE ? - IDEO<\/title>\n<meta name=\"robots\" content=\"index, follow, max-snippet:-1, max-image-preview:large, max-video-preview:-1\" \/>\n<link rel=\"canonical\" href=\"https:\/\/ideopsy.fr\/index.php\/peut-on-evaluer-letat-de-notre-sante-mentale-2\/\" \/>\n<meta property=\"og:locale\" content=\"fr_FR\" \/>\n<meta property=\"og:type\" content=\"article\" \/>\n<meta property=\"og:title\" content=\"PEUT-ON EVALUER L&#039;ETAT DE NOTRE SANTE MENTALE ? - IDEO\" \/>\n<meta property=\"og:description\" content=\"Seul un m\u00e9decin peut poser un diagnostic de maladie mentale. Toutefois, il est possible, et utile, de savoir rep\u00e9rer soi-m\u00eame les signes d\u2019alerte pouvant exprimer une souffrance psychique (un mal-\u00eatre). Nous vous proposons un outil simple et rapide que vous pouvez utiliser \u00e0 tout moment. Dans un premier temps, pour [&hellip;]\" \/>\n<meta property=\"og:url\" content=\"https:\/\/ideopsy.fr\/index.php\/peut-on-evaluer-letat-de-notre-sante-mentale-2\/\" \/>\n<meta property=\"og:site_name\" content=\"IDEO\" \/>\n<meta property=\"article:modified_time\" content=\"2025-09-12T12:01:16+00:00\" \/>\n<meta property=\"og:image\" content=\"https:\/\/ideopsy.fr\/wp-content\/uploads\/2024\/08\/Banniere-page-PEUT-ON-EVALUER-LETAT-DE-NOTRE-SANTE-MENTALE-1024x213.png\" \/>\n<meta name=\"twitter:card\" content=\"summary_large_image\" \/>\n<meta name=\"twitter:label1\" content=\"Dur\u00e9e de lecture estim\u00e9e\" \/>\n\t<meta name=\"twitter:data1\" content=\"3 minutes\" \/>\n<script type=\"application\/ld+json\" class=\"yoast-schema-graph\">{\"@context\":\"https:\/\/schema.org\",\"@graph\":[{\"@type\":\"WebPage\",\"@id\":\"https:\/\/ideopsy.fr\/index.php\/peut-on-evaluer-letat-de-notre-sante-mentale-2\/\",\"url\":\"https:\/\/ideopsy.fr\/index.php\/peut-on-evaluer-letat-de-notre-sante-mentale-2\/\",\"name\":\"PEUT-ON EVALUER L'ETAT DE NOTRE SANTE MENTALE ? - IDEO\",\"isPartOf\":{\"@id\":\"https:\/\/ideopsy.fr\/#website\"},\"primaryImageOfPage\":{\"@id\":\"https:\/\/ideopsy.fr\/index.php\/peut-on-evaluer-letat-de-notre-sante-mentale-2\/#primaryimage\"},\"image\":{\"@id\":\"https:\/\/ideopsy.fr\/index.php\/peut-on-evaluer-letat-de-notre-sante-mentale-2\/#primaryimage\"},\"thumbnailUrl\":\"https:\/\/ideopsy.fr\/wp-content\/uploads\/2024\/08\/Banniere-page-PEUT-ON-EVALUER-LETAT-DE-NOTRE-SANTE-MENTALE-1024x213.png\",\"datePublished\":\"2024-08-09T17:58:01+00:00\",\"dateModified\":\"2025-09-12T12:01:16+00:00\",\"breadcrumb\":{\"@id\":\"https:\/\/ideopsy.fr\/index.php\/peut-on-evaluer-letat-de-notre-sante-mentale-2\/#breadcrumb\"},\"inLanguage\":\"fr-FR\",\"potentialAction\":[{\"@type\":\"ReadAction\",\"target\":[\"https:\/\/ideopsy.fr\/index.php\/peut-on-evaluer-letat-de-notre-sante-mentale-2\/\"]}]},{\"@type\":\"ImageObject\",\"inLanguage\":\"fr-FR\",\"@id\":\"https:\/\/ideopsy.fr\/index.php\/peut-on-evaluer-letat-de-notre-sante-mentale-2\/#primaryimage\",\"url\":\"https:\/\/ideopsy.fr\/wp-content\/uploads\/2024\/08\/Banniere-page-PEUT-ON-EVALUER-LETAT-DE-NOTRE-SANTE-MENTALE.png\",\"contentUrl\":\"https:\/\/ideopsy.fr\/wp-content\/uploads\/2024\/08\/Banniere-page-PEUT-ON-EVALUER-LETAT-DE-NOTRE-SANTE-MENTALE.png\",\"width\":6000,\"height\":1250},{\"@type\":\"BreadcrumbList\",\"@id\":\"https:\/\/ideopsy.fr\/index.php\/peut-on-evaluer-letat-de-notre-sante-mentale-2\/#breadcrumb\",\"itemListElement\":[{\"@type\":\"ListItem\",\"position\":1,\"name\":\"Accueil\",\"item\":\"https:\/\/ideopsy.fr\/\"},{\"@type\":\"ListItem\",\"position\":2,\"name\":\"PEUT-ON EVALUER L&rsquo;ETAT DE NOTRE SANTE MENTALE ?\"}]},{\"@type\":\"WebSite\",\"@id\":\"https:\/\/ideopsy.fr\/#website\",\"url\":\"https:\/\/ideopsy.fr\/\",\"name\":\"IDEO\",\"description\":\"sante mentale des jeunes adolescents\",\"publisher\":{\"@id\":\"https:\/\/ideopsy.fr\/#organization\"},\"potentialAction\":[{\"@type\":\"SearchAction\",\"target\":{\"@type\":\"EntryPoint\",\"urlTemplate\":\"https:\/\/ideopsy.fr\/?s={search_term_string}\"},\"query-input\":{\"@type\":\"PropertyValueSpecification\",\"valueRequired\":true,\"valueName\":\"search_term_string\"}}],\"inLanguage\":\"fr-FR\"},{\"@type\":\"Organization\",\"@id\":\"https:\/\/ideopsy.fr\/#organization\",\"name\":\"IDEO\",\"url\":\"https:\/\/ideopsy.fr\/\",\"logo\":{\"@type\":\"ImageObject\",\"inLanguage\":\"fr-FR\",\"@id\":\"https:\/\/ideopsy.fr\/#\/schema\/logo\/image\/\",\"url\":\"http:\/\/ideopsy.fr\/wp-content\/uploads\/2021\/12\/cropped-page-accueil-25-100-Logo-IDEO-officiel.jpg\",\"contentUrl\":\"http:\/\/ideopsy.fr\/wp-content\/uploads\/2021\/12\/cropped-page-accueil-25-100-Logo-IDEO-officiel.jpg\",\"width\":307,\"height\":177,\"caption\":\"IDEO\"},\"image\":{\"@id\":\"https:\/\/ideopsy.fr\/#\/schema\/logo\/image\/\"}}]}<\/script>\n<!-- \/ Yoast SEO plugin. -->","yoast_head_json":{"title":"PEUT-ON EVALUER L'ETAT DE NOTRE SANTE MENTALE ? - IDEO","robots":{"index":"index","follow":"follow","max-snippet":"max-snippet:-1","max-image-preview":"max-image-preview:large","max-video-preview":"max-video-preview:-1"},"canonical":"https:\/\/ideopsy.fr\/index.php\/peut-on-evaluer-letat-de-notre-sante-mentale-2\/","og_locale":"fr_FR","og_type":"article","og_title":"PEUT-ON EVALUER L'ETAT DE NOTRE SANTE MENTALE ? - IDEO","og_description":"Seul un m\u00e9decin peut poser un diagnostic de maladie mentale. Toutefois, il est possible, et utile, de savoir rep\u00e9rer soi-m\u00eame les signes d\u2019alerte pouvant exprimer une souffrance psychique (un mal-\u00eatre). Nous vous proposons un outil simple et rapide que vous pouvez utiliser \u00e0 tout moment. Dans un premier temps, pour [&hellip;]","og_url":"https:\/\/ideopsy.fr\/index.php\/peut-on-evaluer-letat-de-notre-sante-mentale-2\/","og_site_name":"IDEO","article_modified_time":"2025-09-12T12:01:16+00:00","og_image":[{"url":"https:\/\/ideopsy.fr\/wp-content\/uploads\/2024\/08\/Banniere-page-PEUT-ON-EVALUER-LETAT-DE-NOTRE-SANTE-MENTALE-1024x213.png","type":"","width":"","height":""}],"twitter_card":"summary_large_image","twitter_misc":{"Dur\u00e9e de lecture estim\u00e9e":"3 minutes"},"schema":{"@context":"https:\/\/schema.org","@graph":[{"@type":"WebPage","@id":"https:\/\/ideopsy.fr\/index.php\/peut-on-evaluer-letat-de-notre-sante-mentale-2\/","url":"https:\/\/ideopsy.fr\/index.php\/peut-on-evaluer-letat-de-notre-sante-mentale-2\/","name":"PEUT-ON EVALUER L'ETAT DE NOTRE SANTE MENTALE ? - IDEO","isPartOf":{"@id":"https:\/\/ideopsy.fr\/#website"},"primaryImageOfPage":{"@id":"https:\/\/ideopsy.fr\/index.php\/peut-on-evaluer-letat-de-notre-sante-mentale-2\/#primaryimage"},"image":{"@id":"https:\/\/ideopsy.fr\/index.php\/peut-on-evaluer-letat-de-notre-sante-mentale-2\/#primaryimage"},"thumbnailUrl":"https:\/\/ideopsy.fr\/wp-content\/uploads\/2024\/08\/Banniere-page-PEUT-ON-EVALUER-LETAT-DE-NOTRE-SANTE-MENTALE-1024x213.png","datePublished":"2024-08-09T17:58:01+00:00","dateModified":"2025-09-12T12:01:16+00:00","breadcrumb":{"@id":"https:\/\/ideopsy.fr\/index.php\/peut-on-evaluer-letat-de-notre-sante-mentale-2\/#breadcrumb"},"inLanguage":"fr-FR","potentialAction":[{"@type":"ReadAction","target":["https:\/\/ideopsy.fr\/index.php\/peut-on-evaluer-letat-de-notre-sante-mentale-2\/"]}]},{"@type":"ImageObject","inLanguage":"fr-FR","@id":"https:\/\/ideopsy.fr\/index.php\/peut-on-evaluer-letat-de-notre-sante-mentale-2\/#primaryimage","url":"https:\/\/ideopsy.fr\/wp-content\/uploads\/2024\/08\/Banniere-page-PEUT-ON-EVALUER-LETAT-DE-NOTRE-SANTE-MENTALE.png","contentUrl":"https:\/\/ideopsy.fr\/wp-content\/uploads\/2024\/08\/Banniere-page-PEUT-ON-EVALUER-LETAT-DE-NOTRE-SANTE-MENTALE.png","width":6000,"height":1250},{"@type":"BreadcrumbList","@id":"https:\/\/ideopsy.fr\/index.php\/peut-on-evaluer-letat-de-notre-sante-mentale-2\/#breadcrumb","itemListElement":[{"@type":"ListItem","position":1,"name":"Accueil","item":"https:\/\/ideopsy.fr\/"},{"@type":"ListItem","position":2,"name":"PEUT-ON EVALUER L&rsquo;ETAT DE NOTRE SANTE MENTALE ?"}]},{"@type":"WebSite","@id":"https:\/\/ideopsy.fr\/#website","url":"https:\/\/ideopsy.fr\/","name":"IDEO","description":"sante mentale des jeunes adolescents","publisher":{"@id":"https:\/\/ideopsy.fr\/#organization"},"potentialAction":[{"@type":"SearchAction","target":{"@type":"EntryPoint","urlTemplate":"https:\/\/ideopsy.fr\/?s={search_term_string}"},"query-input":{"@type":"PropertyValueSpecification","valueRequired":true,"valueName":"search_term_string"}}],"inLanguage":"fr-FR"},{"@type":"Organization","@id":"https:\/\/ideopsy.fr\/#organization","name":"IDEO","url":"https:\/\/ideopsy.fr\/","logo":{"@type":"ImageObject","inLanguage":"fr-FR","@id":"https:\/\/ideopsy.fr\/#\/schema\/logo\/image\/","url":"http:\/\/ideopsy.fr\/wp-content\/uploads\/2021\/12\/cropped-page-accueil-25-100-Logo-IDEO-officiel.jpg","contentUrl":"http:\/\/ideopsy.fr\/wp-content\/uploads\/2021\/12\/cropped-page-accueil-25-100-Logo-IDEO-officiel.jpg","width":307,"height":177,"caption":"IDEO"},"image":{"@id":"https:\/\/ideopsy.fr\/#\/schema\/logo\/image\/"}}]}},"_links":{"self":[{"href":"https:\/\/ideopsy.fr\/index.php\/wp-json\/wp\/v2\/pages\/3576","targetHints":{"allow":["GET"]}}],"collection":[{"href":"https:\/\/ideopsy.fr\/index.php\/wp-json\/wp\/v2\/pages"}],"about":[{"href":"https:\/\/ideopsy.fr\/index.php\/wp-json\/wp\/v2\/types\/page"}],"author":[{"embeddable":true,"href":"https:\/\/ideopsy.fr\/index.php\/wp-json\/wp\/v2\/users\/1"}],"replies":[{"embeddable":true,"href":"https:\/\/ideopsy.fr\/index.php\/wp-json\/wp\/v2\/comments?post=3576"}],"version-history":[{"count":21,"href":"https:\/\/ideopsy.fr\/index.php\/wp-json\/wp\/v2\/pages\/3576\/revisions"}],"predecessor-version":[{"id":4635,"href":"https:\/\/ideopsy.fr\/index.php\/wp-json\/wp\/v2\/pages\/3576\/revisions\/4635"}],"wp:attachment":[{"href":"https:\/\/ideopsy.fr\/index.php\/wp-json\/wp\/v2\/media?parent=3576"}],"curies":[{"name":"wp","href":"https:\/\/api.w.org\/{rel}","templated":true}]}}